d 4426.
2213
Calculate the greatest common factor of 2637 and 255461133.
879
What is the greatest common factor of 49863822 and 102?
102
What is the highest common divisor of 18558446 and 1446?
482
What is the greatest common divisor of 460 and 684664?
92
What is the highest common factor of 1740076 and 1222871?
1417
Calculate the highest common divisor of 266307158 and 13182.
4394
Calculate the highest common factor of 3480603 and 87633.
2247
What is the greatest common factor of 356151461 and 410?
41
What is the greatest common factor of 497 and 4573912?
7
Calculate the highest common divisor of 276780492 and 48.
12
What is the highest common factor of 6545743 and 3875?
31
Calculate the greatest common divisor of 538 and 1398800.
538
What is the greatest common factor of 37889843 and 527?
31
Calculate the highest common factor of 561 and 14075303.
187
Calculate the highest common divisor of 24924293 and 359.
359
What is the highest common divisor of 1383808902 and 1398?
1398
Calculate the greatest common divisor of 1571020 and 168905.
2035
What is the greatest common factor of 325107 and 47952?
27
Calculate the greatest common divisor of 33 and 36977072.
11
What is the greatest common divisor of 2271555 and 5265?
585
Calculate the greatest common divisor of 1560 and 2138955.
195
Calculate the greatest common factor of 613295201 and 2027.
2027
Calculate the highest common factor of 2530 and 132894575.
1265
What is the highest common factor of 13563 and 8921?
11
What is the highest common factor of 73812 and 23436?
12
What is the highest common factor of 162 and 1901862?
18
What is the greatest common divisor of 294 and 39918?
6
What is the greatest common factor of 17568 and 5984352?
288
What is the highest common divisor of 2343 and 5293167?
33
What is the highest common factor of 883 and 94756496?
883
Calculate the highest common factor of 2455 and 1851681295.
2455
Calculate the greatest common factor of 66 and 16958508.
6
Calculate the highest common factor of 153952 and 22304.
544
Calculate the highest common divisor of 904214 and 328.
82
Calculate the highest common divisor of 45770121 and 99.
9
Calculate the greatest common factor of 2175717 and 33801.
1779
What is the highest common divisor of 14219 and 2004397?
241
What is the highest common factor of 11836875 and 2301?
177
Calculate the highest common factor of 203193936 and 518.
74
What is the highest common factor of 6948 and 5282024?
772
Calculate the highest common factor of 918237 and 542368.
997
What is the highest common factor of 102490 and 1799115?
1385
Calculate the greatest common factor of 163461782 and 471474.
17462
Calculate the highest common factor of 26 and 17298554.
26
Calculate the highest common divisor of 66495 and 13442.
143
What is the greatest common divisor of 5320263 and 1209?
39
Calculate the highest common divisor of 904 and 15448.
8
Calculate the greatest common factor of 1712 and 179632.
16
What is the highest common factor of 2577908 and 5731?
521
What is the highest common factor of 78 and 516?
6
Calculate the highest common factor of 3886 and 531686.
58
Calculate the greatest common divisor of 35891 and 120517.
19
What is the greatest common factor of 567043 and 274?
137
Calculate the highest common factor of 64480 and 929690.
310
Calculate the greatest common factor of 2135 and 25734863.
427
What is the highest common divisor of 2955 and 7190697?
591
What is the highest common divisor of 178430 and 14070?
70
What is the highest common factor of 55148 and 9611972?
3244
Calculate the highest common factor of 31577807 and 373.
373
What is the greatest common factor of 186035 and 13548480?
6415
What is the highest common factor of 94796 and 2368?
4
Calculate the highest common divisor of 6321 and 1042671.
147
What is the greatest common factor of 2596539 and 1555?
311
What is the greatest common factor of 27888 and 1200?
48
Calculate the highest common divisor of 64637010 and 21330.
7110
Calculate the highest common divisor of 244200 and 9504.
264
Calculate the greatest common factor of 1138277370 and 30.
30
What is the greatest common factor of 9087342 and 2178?
726
Calculate the highest common factor of 202914 and 27099.
9
What is the highest common divisor of 5511 and 1190877?
501
Calculate the highest common divisor of 14477832 and 873.
873
Calculate the highest common divisor of 30108793 and 52.
13
What is the greatest common factor of 666731 and 481?
13
Calculate the highest common divisor of 84484620 and 6896.
1724
What is the highest common divisor of 528 and 81238740?
132
Calculate the highest common divisor of 69361526 and 1274.
26
What is the highest common factor of 124416 and 26214912?
4608
Calculate the greatest common factor of 75 and 9487075.
25
Calculate the greatest common factor of 190600 and 64275.
25
What is the greatest common divisor of 2034114 and 263790?
5862
Calculate the highest common divisor of 1048 and 7088410.
262
What is the greatest common divisor of 117410 and 69252?
398
Calculate the greatest common divisor of 49086 and 837189.
2727
What is the greatest common factor of 108 and 668433303?
27
Calculate the greatest common divisor of 92443772 and 25614.
2846
Calculate the highest common factor of 77 and 7875749.
7
What is the greatest common factor of 13741 and 7078538740?
13741
Calculate the greatest common factor of 1255552 and 3536.
272
Calculate the greatest common factor of 2363165 and 86618.
1883
Calculate the greatest common factor of 2058 and 12234054.
42
What is the greatest common factor of 19 and 159741227?
19
What is the highest common divisor of 122 and 7401435?
61
What is the greatest common factor of 91500 and 15625?
125
Calculate the greatest common divisor of 4350950 and 20.
10
What is the greatest common divisor of 703656 and 281058?
2022
Calculate the greatest common divisor of 15643384 and 423890.
3686
Calculate the greatest common factor of 30 and 897506865.
15
What is the greatest common factor of 38474915 and 8805?
2935
What is the highest common factor of 306562416 and 96?
48
Calculate the greatest common divisor of 10730808 and 77418.
3366
Calculate the greatest common divisor of 1027104 and 7904.
416
Calculate the greatest common divisor of 16737270 and 3785.
3785
Calculate the greatest common divisor of 353546 and 430.
86
Calculate the highest common factor of 63 and 2423953.
7
What is the highest common factor of 1750677 and 123?
3
What is the highest common divisor of 7092515 and 2230?
1115
What is the highest common divisor of 138 and 344299719?
69
Calculate the greatest common factor of 64296887 and 113.
113
What is the greatest common divisor of 361011499 and 5183?
5183
Calculate the highest common factor of 989812 and 176500.
1412
Calculate the highest common factor of 14556213 and 42.
21
Calculate the highest common factor of 3268648 and 2920.
584
Calculate the greatest common factor of 125172 and 188028.
108
Calculate the greatest common factor of 1603385 and 28060.
305
Calculate the greatest common divisor of 590 and 39870430.
590
Calculate the greatest common divisor of 1248 and 2676782784.
1248
What is the greatest common factor of 50 and 7803375?
25
Calculate the greatest common divisor of 37252028 and 452540.
5324
Calculate the highest common divisor of 60 and 381651680.
20
Calculate the highest common divisor of 266 and 121391.
19
Calculate the greatest common factor of 3240 and 483200280.
360
What is the greatest common factor of 177508 and 147180?
892
What is the greatest common divisor of 472418 and 81?
1
Calculate the highest common divisor of 75 and 7963455.
15
Calculate the highest common factor of 2003109 and 354.
177
Calculate the highest common divisor of 579 and 59677144.
193
What is the greatest common factor of 54036 and 56880?
2844
What is the greatest common divisor of 17 and 2730370?
17
Calculate the greatest common factor of 451 and 14324783.
11
Calculate the highest common divisor of 539 and 4661419.
49
Calculate the highest common divisor of 15582 and 66621.
159
Calculate the highest common factor of 2543664 and 324.
12
What is the greatest common divisor of 21044992 and 176?
16
Calculate the highest common factor of 49848 and 9916.
268
What is the highest co